mon divisor of 2079 and 6312537?
693
Calculate the greatest common factor of 44098470 and 180.
90
What is the greatest common divisor of 66216 and 131316?
372
What is the highest common factor of 734547 and 165?
33
What is the greatest common divisor of 17967312 and 114048?
4752
Calculate the greatest common factor of 857779769 and 154.
77
Calculate the highest common divisor of 124286730 and 60.
30
What is the greatest common divisor of 686297 and 1734637?
1219
Calculate the greatest common factor of 29744728 and 637.
13
Calculate the greatest common factor of 75 and 1936770.
15
Calculate the greatest common factor of 6937831 and 95.
19
Calculate the greatest common factor of 1437004452 and 156.
156
Calculate the greatest common divisor of 1653 and 1702381.
19
What is the highest common divisor of 126175135 and 508?
127
What is the highest common divisor of 5789651 and 1148?
287
What is the greatest common factor of 320710 and 80600?
130
Calculate the greatest common factor of 13165185 and 660.
165
What is the greatest common divisor of 417513 and 725?
29
What is the highest common factor of 128 and 1002172?
4
What is the highest common factor of 178106156 and 4?
4
What is the highest common divisor of 3154 and 4523998?
166
Calculate the highest common factor of 14036 and 618794.
242
What is the greatest common divisor of 12 and 15630228?
12
What is the greatest common divisor of 167163873 and 12648?
1581
What is the highest common factor of 124624402 and 578522?
13454
What is the greatest common factor of 719852 and 1694?
14
What is the highest common factor of 128084 and 15833?
71
Calculate the highest common divisor of 17590 and 44470.
10
What is the greatest common factor of 35620 and 2413580?
260
Calculate the greatest common divisor of 713444592 and 336.
336
Calculate the greatest common divisor of 8256 and 13254578.
86
What is the greatest common factor of 289585040 and 320?
80
Calculate the highest common divisor of 3213 and 1082403.
189
What is the highest common factor of 4769138 and 22?
22
What is the greatest common factor of 669888 and 43776?
576
Calculate the highest common factor of 1656 and 438141996.
828
Calculate the greatest common factor of 689 and 29508037.
13
Calculate the highest common factor of 400475824 and 38416.
5488
Calculate the highest common divisor of 27965950 and 50.
50
What is the greatest common divisor of 4332 and 48588?
12
What is the greatest common factor of 254 and 1118362?
254
What is the highest common factor of 4362 and 41110396?
1454
What is the greatest common factor of 188524 and 9226?
14
What is the greatest common divisor of 78262520 and 57?
19
Calculate the greatest common divisor of 182 and 3027416.
14
Calculate the greatest common divisor of 11286 and 7032366.
594
What is the greatest common divisor of 18612 and 522?
18
Calculate the highest common divisor of 67382130 and 5310.
1770
What is the greatest common factor of 155277 and 711?
9
Calculate the greatest common factor of 1762984 and 24.
8
Calculate the highest common factor of 174 and 157812026.
58
What is the highest common factor of 87125298 and 156?
78
Calculate the greatest common divisor of 884 and 984997.
221
Calculate the greatest common factor of 585 and 983554650.
585
What is the highest common divisor of 9 and 37544337?
9
Calculate the greatest common divisor of 313155 and 5265.
45
Calculate the greatest common divisor of 1414676 and 636.
212
Calculate the highest common divisor of 99545 and 80.
5
Calculate the greatest common factor of 1172 and 1707604.
1172
What is the greatest common divisor of 1037130 and 18462?
1086
Calculate the highest common factor of 17152 and 53734.
134
Calculate the greatest common divisor of 28 and 1365742.
14
Calculate the highest common divisor of 22 and 8935762.
22
Calculate the highest common factor of 12968324 and 632.
316
Calculate the highest common divisor of 325082130 and 210.
30
What is the greatest common factor of 15752 and 68557?
179
Calculate the greatest common factor of 355486680 and 30.
30
Calculate the greatest common divisor of 1811160 and 5508.
324
Calculate the greatest common divisor of 1445783 and 250387.
8077
Calculate the highest common divisor of 34048 and 10755584.
1792
Calculate the greatest common factor of 43063139 and 268793.
6251
What is the highest common divisor of 3820 and 182578810?
1910
What is the highest common divisor of 495 and 120343707?
99
What is the greatest common divisor of 672783210 and 12?
6
What is the greatest common factor of 1101240 and 911582?
6118
Calculate the greatest common divisor of 4728 and 141096.
24
What is the highest common factor of 13537531 and 544087?
5387
What is the highest common factor of 2625 and 739425?
75
What is the greatest common factor of 8065801 and 102442?
3013
Calculate the greatest common factor of 249 and 52154959.
83
Calculate the highest common factor of 840 and 597471.
21
What is the highest common factor of 1475 and 82675?
25
Calculate the highest common divisor of 30870 and 310074.
6
What is the highest common factor of 3157 and 39362323?
77
Calculate the highest common divisor of 2912 and 27224288.
2912
What is the greatest common divisor of 15920025 and 561?
33
Calculate the highest common factor of 371979165 and 1095.
1095
What is the highest common divisor of 2083704 and 39263?
553
Calculate the greatest common factor of 508 and 4196156.
4
What is the greatest common divisor of 27607 and 35891?
19
What is the highest common divisor of 14 and 84537187?
7
What is the greatest common factor of 3492 and 116051382?
1746
Calculate the greatest common divisor of 966 and 1584639.
21
What is the greatest common factor of 2492 and 77250131?
623
What is the greatest common factor of 53126 and 345016?
202
What is the greatest common factor of 46112 and 41930218?
2882
What is the highest common divisor of 4404606 and 11298?
1614
What is the greatest common factor of 1992 and 1668504?
24
What is the highest common factor of 10264 and 49935643?
1283
What is the highest common divisor of 20 and 60190690?
10
What is the greatest common factor of 11535460 and 4015?
365
What is the greatest common divisor of 385898 and 514?
2
What is the highest common factor of 46 and 16754580?
46
What is the greatest common divisor of 1041 and 86291266?
347
Calculate the highest common factor of 3067677894 and 6.
6
Calculate the highest common divisor of 10378241 and 238428.
6623
What is the greatest common factor of 3850 and 53641742?
154
Calculate the highest common divisor of 2147904 and 139329.
1017
Calculate the highest common factor of 107457 and 4918899.
2193
Calculate the highest common factor of 37728 and 60660.
36
Calculate the highest common factor of 221 and 525837.
13
What is the highest common divisor of 2008320 and 13530?
30
What is the greatest common divisor of 145071972 and 2052?
108
What is the highest common divisor of 717 and 2402189?
239
What is the greatest common factor of 53 and 477371?
53
What is the highest common divisor of 22188 and 96?
12
What is the greatest common factor of 3127825 and 2400?
25
What is the highest common factor of 342002 and 12466?
542
Calculate the greatest common divisor of 1 and 14813.
1
What is the highest common factor of 240 and 61118580?
60
What is the greatest common divisor of 52597980 and 30900?
6180
Calculate the greatest common factor of 11 and 42762203.
11
Calculate the highest common factor of 51553666 and 279241.
9629
Calculate the greatest common divisor of 29858760 and 1080.
1080
Calculate the highest common divisor of 9384 and 305337.
51
What is the greatest common divisor of 2340 and 276396315?
195
What is the highest common divisor of 4020 and 137425710?
2010
Calculate the greatest common factor of 3232702 and 110.
22
What is the highest common divisor of 1867 and 62262583?
1867
What is the greatest common factor of 2288370 and 114240?
3570
Calculate the highest common divisor of 31967 and 52.
13
What is the highest common divisor of 25350121 and 64208?
4013
Calculate the greatest common factor of 340296572 and 220.
44
What is the greatest common factor of 218707 and 1096939?
851
Calculate the highest common factor of 23 and 201952213.
23
What is the highest common f